
Calculate the remainder when 968966 is divided by 13.
11
Calculate the remainder when 4013 is divided by 2006.
1
Calculate the remainder when 6411 is divided by 124.
87
What is the remainder when 4289 is divided by 1396?
101
What is the remainder when 54204 is divided by 13547?
16
What is the remainder when 150047 is divided by 18755?
7
Calculate the remainder when 25192 is divided by 61.
60
What is the remainder when 3330 is divided by 886?
672
What is the remainder when 46160 is divided by 52?
36
Calculate the remainder when 86301 is divided by 28762.
15
Calculate the remainder when 1078 is divided by 522.
34
Calculate the remainder when 860878 is divided by 48.
46
What is the remainder when 10663 is divided by 3520?
103
Calculate the remainder when 37789 is divided by 76.
17
What is the remainder when 837931 is divided by 276?
271
What is the remainder when 998145 is divided by 414?
405
Calculate the remainder when 429197 is divided by 927.
923
What is the remainder when 1761977 is divided by 11?
8
Calculate the remainder when 121366 is divided by 7583.
38
What is the remainder when 1170357 is divided by 360?
357
Calculate the remainder when 502695 is divided by 2957.
5
Calculate the remainder when 6898 is divided by 3416.
66
What is the remainder when 4532 is divided by 12?
8
What is the remainder when 842484 is divided by 842483?
1
What is the remainder when 107732 is divided by 35805?
317
Calculate the remainder when 6851573 is divided by 181.
180
What is the remainder when 10211 is divided by 465?
446
What is the remainder when 105852 is divided by 92?
52
Calculate the remainder when 243401 is divided by 105.
11
What is the remainder when 20633 is divided by 30?
23
What is the remainder when 467449 is divided by 25?
24
What is the remainder when 2371 is divided by 2?
1
What is the remainder when 3630 is divided by 144?
30
What is the remainder when 5896 is divided by 519?
187
What is the remainder when 17201 is divided by 4300?
1
Calculate the remainder when 88824 is divided by 85.
84
What is the remainder when 2428 is divided by 19?
15
Calculate the remainder when 13019 is divided by 130.
19
What is the remainder when 1736314 is divided by 245?
244
What is the remainder when 296377 is divided by 782?
781
What is the remainder when 1095 is divided by 1015?
80
Calculate the remainder when 894 is divided by 261.
111
Calculate the remainder when 225230 is divided by 9.
5
What is the remainder when 8945 is divided by 4225?
495
Calculate the remainder when 614 is divided by 78.
68
Calculate the remainder when 6155365 is divided by 14.
13
What is the remainder when 14663892 is divided by 14?
12
Calculate the remainder when 1259 is divided by 93.
50
Calculate the remainder when 134678 is divided by 183.
173
Calculate the remainder when 61174 is divided by 2265.
19
Calculate the remainder when 51707 is divided by 17229.
20
What is the remainder when 402594 is divided by 27?
24
Calculate the remainder when 66944 is divided by 592.
48
What is the remainder when 1933 is divided by 72?
61
Calculate the remainder when 162851 is divided by 165.
161
What is the remainder when 71881 is divided by 9?
7
Calculate the remainder when 7806 is divided by 1558.
16
What is the remainder when 106177 is divided by 21233?
12
What is the remainder when 12011 is divided by 1497?
35
Calculate the remainder when 3840 is divided by 52.
44
What is the remainder when 2709 is divided by 70?
49
Calculate the remainder when 4796 is divided by 2377.
42
Calculate the remainder when 728 is divided by 73.
71
What is the remainder when 13796 is divided by 274?
96
What is the remainder when 8892 is divided by 8889?
3
What is the remainder when 366849 is divided by 11?
10
What is the remainder when 13498 is divided by 27?
25
Calculate the remainder when 74887 is divided by 12.
7
What is the remainder when 18563 is divided by 13?
12
Calculate the remainder when 1067 is divided by 29.
23
What is the remainder when 44734 is divided by 47?
37
What is the remainder when 183718 is divided by 61238?
4
What is the remainder when 544198 is divided by 6?
4
Calculate the remainder when 13584 is divided by 1936.
32
Calculate the remainder when 35669 is divided by 35655.
14
Calculate the remainder when 41137 is divided by 93.
31
What is the remainder when 38926 is divided by 378?
370
Calculate the remainder when 1368 is divided by 439.
51
Calculate the remainder when 18003 is divided by 207.
201
Calculate the remainder when 402 is divided by 12.
6
Calculate the remainder when 119598 is divided by 1246.
1228
What is the remainder when 2144 is divided by 145?
114
What is the remainder when 1280 is divided by 282?
152
Calculate the remainder when 10172 is divided by 25.
22
What is the remainder when 722258 is divided by 28?
26
Calculate the remainder when 9402 is divided by 214.
200
What is the remainder when 114161 is divided by 106?
105
Calculate the remainder when 104525 is divided by 132.
113
What is the remainder when 2703 is divided by 28?
15
What is the remainder when 11670 is divided by 124?
14
What is the remainder when 3901 is divided by 187?
161
What is the remainder when 2102 is divided by 1983?
119
Calculate the remainder when 35892 is divided by 88.
76
What is the remainder when 3902 is divided by 217?
213
Calculate the remainder when 219 is divided by 108.
3
What is the remainder when 17192 is divided by 593?
588
Calculate the remainder when 1606456 is divided by 20.
16
What is the remainder when 2972 is divided by 1308?
356
What is the remainder when 887 is divided by 265?
92
Calculate the remainder when 10207 is divided by 1465.
1417
Calculate the remainder when 19949 is divided by 20.
9
Calculate the remainder when 7877 is divided by 3681.
515
What is the remainder when 12643 is divided by 176?
147
What is the remainder when 3818 is divided by 391?
299
What is the remainder when 233055 is divided by 93?
90
Calculate the remainder when 20159 is divided by 116.
91
Calculate the remainder when 219092 is divided by 21.
20
What is the remainder when 811 is divided by 28?
27
Calculate the remainder when 67568 is divided by 5195.
33
Calculate the remainder when 100416 is divided by 33466.
18
Calculate the remainder when 22030 is divided by 195.
190
Calculate the remainder when 9062 is divided by 1003.
35
Calculate the remainder when 1329 is divided by 225.
204
What is the remainder when 4273 is divided by 476?
465
Calculate the remainder when 5538 is divided by 158.
8
Calculate the remainder when 102822 is divided by 50.
22
Calculate the remainder when 33555 is divided by 14.
11
What is the remainder when 72777 is divided by 2911?
2
What is the remainder when 4298 is divided by 99?
41
What is the remainder when 33782 is divided by 119?
105
What is the remainder when 6526 is divided by 1567?
258
What is the remainder when 5088 is divided by 593?
344
Calculate the remainder when 213909 is divided by 699.
15
What is the remainder when 91272 is divided by 119?
118
Calculate the remainder when 4531620 is divided by 17.
15
What is the remainder when 731 is divided by 665?
66
What is the remainder when 1007 is divided by 60?
47
What is the remainder when 1241 is divided by 171?
44
Calculate the remainder when 2378 is divided by 302.
264
What is the remainder when 28340 is divided by 771?
584
Calculate the remainder when 345464 is divided by 41.
39
What is the remainder when 6084512 is divided by 1732?
1728
What is the remainder when 1717 is divided by 1603?
114
What is the remainder when 37422 is divided by 4156?
18
What is the remainder when 10141 is divided by 927?
871
Calculate the remainder when 61424 is divided by 30709.
6
Calculate the remainder when 10598 is divided by 196.
14
Calculate the remainder when 18725 is divided by 781.
762
What is the remainder when 3842 is divided by 225?
17
What is the remainder when 926 is divided by 491?
435
Calculate the remainder when 277479 is divided by 17.
5
What is the remainder when 19065 is divided by 3808?
25
Calculate the remainder when 800109 is divided by 24.
21
What is the remainder when 21311 is divided by 146?
141
What is the remainder when 17242276 is divided by 177?
175
Calculate the remainder when 98303 is divided by 443.
400
Wha